{"id":9231,"date":"2020-06-12T16:32:40","date_gmt":"2020-06-12T14:32:40","guid":{"rendered":"https:\/\/mueblesjbrinas.com\/?post_type=product&#038;p=9231"},"modified":"2024-08-19T13:34:49","modified_gmt":"2024-08-19T11:34:49","slug":"cama-balinesa-muebles-de-exterior","status":"publish","type":"product","link":"https:\/\/mueblesjbrinas.com\/es\/product\/cama-balinesa-muebles-de-exterior\/","title":{"rendered":"CAMA BALINESA"},"content":{"rendered":"<p>Un conjunto de muebles de jard\u00edn de aluminio, de aire minimalista y de dise\u00f1o, que pertenece a la colecci\u00f3n Berlin: cuenta mesa de comedor y 6 sillones de comedor.<\/p>\n<p><span style=\"color: #333333; font-size: 26px;\">Nuestras tiendas de muebles<\/span><\/p>\n<p>Recuerda que puedes encontrarnos ubicados en el mapa en 3 tiendas de muebles de jard\u00edn distintas. Estamos ubicados en Torrevieja (Orihuela Costa), Rojales (Ciudad Quesada) y Guardamar (La Marina).<\/p>\n<p>En Muebles J. Bri\u00f1as somos especialistas en decoraci\u00f3n, sof\u00e1s y muebles de exterior.<\/p>\n<p>Te escuchamos y asesoramos para escoger la mejor opci\u00f3n para tu espacio.<\/p>\n","protected":false},"excerpt":{"rendered":"<p>Estructura de aluminio en color blanco. Respaldo con 2 zonas de regulaci\u00f3n independientes. Cubierta superior con regulaci\u00f3n lateral en poli\u00e9ster reforzado con Tefl\u00f3n. Terminaci\u00f3n del colch\u00f3n en polipiel na\u00fatica y textilene en la parte inferior para una f\u00e1cil evacuaci\u00f3n.<\/p>\n","protected":false},"featured_media":9218,"comment_status":"closed","ping_status":"closed","template":"","meta":{"_acf_changed":false,"_joinchat":[]},"product_brand":[],"product_cat":[112,35],"product_tag":[],"class_list":{"0":"post-9231","1":"product","2":"type-product","3":"status-publish","4":"has-post-thumbnail","6":"product_cat-aluminio","7":"product_cat-sets-de-jardin","9":"first","10":"instock","11":"taxable","12":"shipping-taxable","13":"purchasable","14":"product-type-simple"},"acf":[],"yoast_head":"<!-- This site is optimized with the Yoast SEO Premium plugin v22.5 (Yoast SEO v24.8) - https:\/\/yoast.com\/wordpress\/plugins\/seo\/ -->\n<title>\u25b7 Cama Balinesa en Muebles de Jard\u00edn Aluminio | Muebles J Bri\u00f1as<\/title>\n<meta name=\"description\" content=\"Cama Balinesa para el jard\u00edn, encuentra conjuntos de muebles de jard\u00edn en aluminio en Muebles J. Bri\u00f1as. Mobiliario de exterior Alicante\" \/>\n<meta name=\"robots\" content=\"index, follow, max-snippet:-1, max-image-preview:large, max-video-preview:-1\" \/>\n<link rel=\"canonical\" href=\"https:\/\/mueblesjbrinas.com\/es\/product\/cama-balinesa-muebles-de-exterior\/\" \/>\n<meta property=\"og:locale\" content=\"es_ES\" \/>\n<meta property=\"og:type\" content=\"article\" \/>\n<meta property=\"og:title\" content=\"CAMA BALINESA\" \/>\n<meta property=\"og:description\" content=\"Cama Balinesa para el jard\u00edn, encuentra conjuntos de muebles de jard\u00edn en aluminio en Muebles J. Bri\u00f1as. Mobiliario de exterior Alicante\" \/>\n<meta property=\"og:url\" content=\"https:\/\/mueblesjbrinas.com\/es\/product\/cama-balinesa-muebles-de-exterior\/\" \/>\n<meta property=\"og:site_name\" content=\"In &amp; Out Furniture\" \/>\n<meta property=\"article:publisher\" content=\"https:\/\/www.facebook.com\/mueblesjbrinas\" \/>\n<meta property=\"article:modified_time\" content=\"2024-08-19T11:34:49+00:00\" \/>\n<meta property=\"og:image\" content=\"https:\/\/mueblesjbrinas.com\/wp-content\/uploads\/2020\/06\/0set-de-aluminio-berlin-.jpg\" \/>\n\t<meta property=\"og:image:width\" content=\"1400\" \/>\n\t<meta property=\"og:image:height\" content=\"1356\" \/>\n\t<meta property=\"og:image:type\" content=\"image\/jpeg\" \/>\n<meta name=\"twitter:card\" content=\"summary_large_image\" \/>\n<script type=\"application\/ld+json\" class=\"yoast-schema-graph\">{\"@context\":\"https:\/\/schema.org\",\"@graph\":[{\"@type\":\"WebPage\",\"@id\":\"https:\/\/mueblesjbrinas.com\/es\/product\/cama-balinesa-muebles-de-exterior\/\",\"url\":\"https:\/\/mueblesjbrinas.com\/es\/product\/cama-balinesa-muebles-de-exterior\/\",\"name\":\"\u25b7 Cama Balinesa en Muebles de Jard\u00edn Aluminio | Muebles J Bri\u00f1as\",\"isPartOf\":{\"@id\":\"https:\/\/mueblesjbrinas.com\/es\/#website\"},\"primaryImageOfPage\":{\"@id\":\"https:\/\/mueblesjbrinas.com\/es\/product\/cama-balinesa-muebles-de-exterior\/#primaryimage\"},\"image\":{\"@id\":\"https:\/\/mueblesjbrinas.com\/es\/product\/cama-balinesa-muebles-de-exterior\/#primaryimage\"},\"thumbnailUrl\":\"https:\/\/mueblesjbrinas.com\/wp-content\/uploads\/2020\/06\/0set-de-aluminio-berlin-.jpg\",\"datePublished\":\"2020-06-12T14:32:40+00:00\",\"dateModified\":\"2024-08-19T11:34:49+00:00\",\"description\":\"Cama Balinesa para el jard\u00edn, encuentra conjuntos de muebles de jard\u00edn en aluminio en Muebles J. Bri\u00f1as. Mobiliario de exterior Alicante\",\"breadcrumb\":{\"@id\":\"https:\/\/mueblesjbrinas.com\/es\/product\/cama-balinesa-muebles-de-exterior\/#breadcrumb\"},\"inLanguage\":\"es\",\"potentialAction\":[{\"@type\":\"ReadAction\",\"target\":[\"https:\/\/mueblesjbrinas.com\/es\/product\/cama-balinesa-muebles-de-exterior\/\"]}]},{\"@type\":\"ImageObject\",\"inLanguage\":\"es\",\"@id\":\"https:\/\/mueblesjbrinas.com\/es\/product\/cama-balinesa-muebles-de-exterior\/#primaryimage\",\"url\":\"https:\/\/mueblesjbrinas.com\/wp-content\/uploads\/2020\/06\/0set-de-aluminio-berlin-.jpg\",\"contentUrl\":\"https:\/\/mueblesjbrinas.com\/wp-content\/uploads\/2020\/06\/0set-de-aluminio-berlin-.jpg\",\"width\":1400,\"height\":1356},{\"@type\":\"BreadcrumbList\",\"@id\":\"https:\/\/mueblesjbrinas.com\/es\/product\/cama-balinesa-muebles-de-exterior\/#breadcrumb\",\"itemListElement\":[{\"@type\":\"ListItem\",\"position\":1,\"name\":\"Portada\",\"item\":\"https:\/\/mueblesjbrinas.com\/es\/\"},{\"@type\":\"ListItem\",\"position\":2,\"name\":\"Tienda\",\"item\":\"https:\/\/mueblesjbrinas.com\/es\/muebles-de-exterior\/\"},{\"@type\":\"ListItem\",\"position\":3,\"name\":\"CAMA BALINESA\"}]},{\"@type\":\"WebSite\",\"@id\":\"https:\/\/mueblesjbrinas.com\/es\/#website\",\"url\":\"https:\/\/mueblesjbrinas.com\/es\/\",\"name\":\"Muebles Bri\u00f1as\",\"description\":\"Online Outdoor Furniture Shop in Costa Blanca. Torrevieja, Rojales, Guardamar, San Javier.\",\"publisher\":{\"@id\":\"https:\/\/mueblesjbrinas.com\/es\/#organization\"},\"potentialAction\":[{\"@type\":\"SearchAction\",\"target\":{\"@type\":\"EntryPoint\",\"urlTemplate\":\"https:\/\/mueblesjbrinas.com\/es\/?s={search_term_string}\"},\"query-input\":{\"@type\":\"PropertyValueSpecification\",\"valueRequired\":true,\"valueName\":\"search_term_string\"}}],\"inLanguage\":\"es\"},{\"@type\":\"Organization\",\"@id\":\"https:\/\/mueblesjbrinas.com\/es\/#organization\",\"name\":\"In&Out Furniture\",\"alternateName\":\"Muebles J. Bri\u00f1as\",\"url\":\"https:\/\/mueblesjbrinas.com\/es\/\",\"logo\":{\"@type\":\"ImageObject\",\"inLanguage\":\"es\",\"@id\":\"https:\/\/mueblesjbrinas.com\/es\/#\/schema\/logo\/image\/\",\"url\":\"https:\/\/mueblesjbrinas.com\/wp-content\/uploads\/2018\/03\/logo-web.png\",\"contentUrl\":\"https:\/\/mueblesjbrinas.com\/wp-content\/uploads\/2018\/03\/logo-web.png\",\"width\":300,\"height\":146,\"caption\":\"In&Out Furniture\"},\"image\":{\"@id\":\"https:\/\/mueblesjbrinas.com\/es\/#\/schema\/logo\/image\/\"},\"sameAs\":[\"https:\/\/www.facebook.com\/mueblesjbrinas\"]}]}<\/script>\n<!-- \/ Yoast SEO Premium plugin. -->","yoast_head_json":{"title":"\u25b7 Cama Balinesa en Muebles de Jard\u00edn Aluminio | Muebles J Bri\u00f1as","description":"Cama Balinesa para el jard\u00edn, encuentra conjuntos de muebles de jard\u00edn en aluminio en Muebles J. Bri\u00f1as. Mobiliario de exterior Alicante","robots":{"index":"index","follow":"follow","max-snippet":"max-snippet:-1","max-image-preview":"max-image-preview:large","max-video-preview":"max-video-preview:-1"},"canonical":"https:\/\/mueblesjbrinas.com\/es\/product\/cama-balinesa-muebles-de-exterior\/","og_locale":"es_ES","og_type":"article","og_title":"CAMA BALINESA","og_description":"Cama Balinesa para el jard\u00edn, encuentra conjuntos de muebles de jard\u00edn en aluminio en Muebles J. Bri\u00f1as. Mobiliario de exterior Alicante","og_url":"https:\/\/mueblesjbrinas.com\/es\/product\/cama-balinesa-muebles-de-exterior\/","og_site_name":"In &amp; Out Furniture","article_publisher":"https:\/\/www.facebook.com\/mueblesjbrinas","article_modified_time":"2024-08-19T11:34:49+00:00","og_image":[{"width":1400,"height":1356,"url":"https:\/\/mueblesjbrinas.com\/wp-content\/uploads\/2020\/06\/0set-de-aluminio-berlin-.jpg","type":"image\/jpeg"}],"twitter_card":"summary_large_image","schema":{"@context":"https:\/\/schema.org","@graph":[{"@type":"WebPage","@id":"https:\/\/mueblesjbrinas.com\/es\/product\/cama-balinesa-muebles-de-exterior\/","url":"https:\/\/mueblesjbrinas.com\/es\/product\/cama-balinesa-muebles-de-exterior\/","name":"\u25b7 Cama Balinesa en Muebles de Jard\u00edn Aluminio | Muebles J Bri\u00f1as","isPartOf":{"@id":"https:\/\/mueblesjbrinas.com\/es\/#website"},"primaryImageOfPage":{"@id":"https:\/\/mueblesjbrinas.com\/es\/product\/cama-balinesa-muebles-de-exterior\/#primaryimage"},"image":{"@id":"https:\/\/mueblesjbrinas.com\/es\/product\/cama-balinesa-muebles-de-exterior\/#primaryimage"},"thumbnailUrl":"https:\/\/mueblesjbrinas.com\/wp-content\/uploads\/2020\/06\/0set-de-aluminio-berlin-.jpg","datePublished":"2020-06-12T14:32:40+00:00","dateModified":"2024-08-19T11:34:49+00:00","description":"Cama Balinesa para el jard\u00edn, encuentra conjuntos de muebles de jard\u00edn en aluminio en Muebles J. Bri\u00f1as. Mobiliario de exterior Alicante","breadcrumb":{"@id":"https:\/\/mueblesjbrinas.com\/es\/product\/cama-balinesa-muebles-de-exterior\/#breadcrumb"},"inLanguage":"es","potentialAction":[{"@type":"ReadAction","target":["https:\/\/mueblesjbrinas.com\/es\/product\/cama-balinesa-muebles-de-exterior\/"]}]},{"@type":"ImageObject","inLanguage":"es","@id":"https:\/\/mueblesjbrinas.com\/es\/product\/cama-balinesa-muebles-de-exterior\/#primaryimage","url":"https:\/\/mueblesjbrinas.com\/wp-content\/uploads\/2020\/06\/0set-de-aluminio-berlin-.jpg","contentUrl":"https:\/\/mueblesjbrinas.com\/wp-content\/uploads\/2020\/06\/0set-de-aluminio-berlin-.jpg","width":1400,"height":1356},{"@type":"BreadcrumbList","@id":"https:\/\/mueblesjbrinas.com\/es\/product\/cama-balinesa-muebles-de-exterior\/#breadcrumb","itemListElement":[{"@type":"ListItem","position":1,"name":"Portada","item":"https:\/\/mueblesjbrinas.com\/es\/"},{"@type":"ListItem","position":2,"name":"Tienda","item":"https:\/\/mueblesjbrinas.com\/es\/muebles-de-exterior\/"},{"@type":"ListItem","position":3,"name":"CAMA BALINESA"}]},{"@type":"WebSite","@id":"https:\/\/mueblesjbrinas.com\/es\/#website","url":"https:\/\/mueblesjbrinas.com\/es\/","name":"Muebles Bri\u00f1as","description":"Online Outdoor Furniture Shop in Costa Blanca. Torrevieja, Rojales, Guardamar, San Javier.","publisher":{"@id":"https:\/\/mueblesjbrinas.com\/es\/#organization"},"potentialAction":[{"@type":"SearchAction","target":{"@type":"EntryPoint","urlTemplate":"https:\/\/mueblesjbrinas.com\/es\/?s={search_term_string}"},"query-input":{"@type":"PropertyValueSpecification","valueRequired":true,"valueName":"search_term_string"}}],"inLanguage":"es"},{"@type":"Organization","@id":"https:\/\/mueblesjbrinas.com\/es\/#organization","name":"In&Out Furniture","alternateName":"Muebles J. Bri\u00f1as","url":"https:\/\/mueblesjbrinas.com\/es\/","logo":{"@type":"ImageObject","inLanguage":"es","@id":"https:\/\/mueblesjbrinas.com\/es\/#\/schema\/logo\/image\/","url":"https:\/\/mueblesjbrinas.com\/wp-content\/uploads\/2018\/03\/logo-web.png","contentUrl":"https:\/\/mueblesjbrinas.com\/wp-content\/uploads\/2018\/03\/logo-web.png","width":300,"height":146,"caption":"In&Out Furniture"},"image":{"@id":"https:\/\/mueblesjbrinas.com\/es\/#\/schema\/logo\/image\/"},"sameAs":["https:\/\/www.facebook.com\/mueblesjbrinas"]}]}},"_links":{"self":[{"href":"https:\/\/mueblesjbrinas.com\/es\/wp-json\/wp\/v2\/product\/9231","targetHints":{"allow":["GET"]}}],"collection":[{"href":"https:\/\/mueblesjbrinas.com\/es\/wp-json\/wp\/v2\/product"}],"about":[{"href":"https:\/\/mueblesjbrinas.com\/es\/wp-json\/wp\/v2\/types\/product"}],"replies":[{"embeddable":true,"href":"https:\/\/mueblesjbrinas.com\/es\/wp-json\/wp\/v2\/comments?post=9231"}],"version-history":[{"count":1,"href":"https:\/\/mueblesjbrinas.com\/es\/wp-json\/wp\/v2\/product\/9231\/revisions"}],"predecessor-version":[{"id":10973,"href":"https:\/\/mueblesjbrinas.com\/es\/wp-json\/wp\/v2\/product\/9231\/revisions\/10973"}],"wp:featuredmedia":[{"embeddable":true,"href":"https:\/\/mueblesjbrinas.com\/es\/wp-json\/wp\/v2\/media\/9218"}],"wp:attachment":[{"href":"https:\/\/mueblesjbrinas.com\/es\/wp-json\/wp\/v2\/media?parent=9231"}],"wp:term":[{"taxonomy":"product_brand","embeddable":true,"href":"https:\/\/mueblesjbrinas.com\/es\/wp-json\/wp\/v2\/product_brand?post=9231"},{"taxonomy":"product_cat","embeddable":true,"href":"https:\/\/mueblesjbrinas.com\/es\/wp-json\/wp\/v2\/product_cat?post=9231"},{"taxonomy":"product_tag","embeddable":true,"href":"https:\/\/mueblesjbrinas.com\/es\/wp-json\/wp\/v2\/product_tag?post=9231"}],"curies":[{"name":"wp","href":"https:\/\/api.w.org\/{rel}","templated":true}]}}

<p>Un conjunto de muebles de jardín de aluminio, de aire minimalista y de diseño, que pertenece a la colección Berlin: cuenta mesa de comedor y 6 sillones de comedor.</p>
<p><span style="color: #333333; font-size: 26px;">Nuestras tiendas de muebles</span></p>
<p>Recuerda que puedes encontrarnos ubicados en el mapa en 3 tiendas de muebles de jardín distintas. Estamos ubicados en Torrevieja (Orihuela Costa), Rojales (Ciudad Quesada) y Guardamar (La Marina).</p>
<p>En Muebles J. Briñas somos especialistas en decoración, sofás y muebles de exterior.</p>
<p>Te escuchamos y asesoramos para escoger la mejor opción para tu espacio.</p>

<p>Estructura de aluminio en color blanco. Respaldo con 2 zonas de regulación independientes. Cubierta superior con regulación lateral en poliéster reforzado con Teflón. Terminación del colchón en polipiel naútica y textilene en la parte inferior para una fácil evacuación.</p>

<!-- This site is optimized with the Yoast SEO Premium plugin v22.5 (Yoast SEO v24.8) - https://yoast.com/wordpress/plugins/seo/ -->
<title>▷ Cama Balinesa en Muebles de Jardín Aluminio | Muebles J Briñas</title>
<meta name="description" content="Cama Balinesa para el jardín, encuentra conjuntos de muebles de jardín en aluminio en Muebles J. Briñas. Mobiliario de exterior Alicante" />
<meta name="robots" content="index, follow, max-snippet:-1, max-image-preview:large, max-video-preview:-1" />
<link rel="canonical" href="https://mueblesjbrinas.com/es/product/cama-balinesa-muebles-de-exterior/" />
<meta property="og:locale" content="es_ES" />
<meta property="og:type" content="article" />
<meta property="og:title" content="CAMA BALINESA" />
<meta property="og:description" content="Cama Balinesa para el jardín, encuentra conjuntos de muebles de jardín en aluminio en Muebles J. Briñas. Mobiliario de exterior Alicante" />
<meta property="og:url" content="https://mueblesjbrinas.com/es/product/cama-balinesa-muebles-de-exterior/" />
<meta property="og:site_name" content="In &amp; Out Furniture" />
<meta property="article:publisher" content="https://www.facebook.com/mueblesjbrinas" />
<meta property="article:modified_time" content="2024-08-19T11:34:49+00:00" />
<meta property="og:image" content="https://mueblesjbrinas.com/wp-content/uploads/2020/06/0set-de-aluminio-berlin-.jpg" />
	<meta property="og:image:width" content="1400" />
	<meta property="og:image:height" content="1356" />
	<meta property="og:image:type" content="image/jpeg" />
<meta name="twitter:card" content="summary_large_image" />
<script type="application/ld+json" class="yoast-schema-graph">{"@context":"https://schema.org","@graph":[{"@type":"WebPage","@id":"https://mueblesjbrinas.com/es/product/cama-balinesa-muebles-de-exterior/","url":"https://mueblesjbrinas.com/es/product/cama-balinesa-muebles-de-exterior/","name":"▷ Cama Balinesa en Muebles de Jardín Aluminio | Muebles J Briñas","isPartOf":{"@id":"https://mueblesjbrinas.com/es/#website"},"primaryImageOfPage":{"@id":"https://mueblesjbrinas.com/es/product/cama-balinesa-muebles-de-exterior/#primaryimage"},"image":{"@id":"https://mueblesjbrinas.com/es/product/cama-balinesa-muebles-de-exterior/#primaryimage"},"thumbnailUrl":"https://mueblesjbrinas.com/wp-content/uploads/2020/06/0set-de-aluminio-berlin-.jpg","datePublished":"2020-06-12T14:32:40+00:00","dateModified":"2024-08-19T11:34:49+00:00","description":"Cama Balinesa para el jardín, encuentra conjuntos de muebles de jardín en aluminio en Muebles J. Briñas. Mobiliario de exterior Alicante","breadcrumb":{"@id":"https://mueblesjbrinas.com/es/product/cama-balinesa-muebles-de-exterior/#breadcrumb"},"inLanguage":"es","potentialAction":[{"@type":"ReadAction","target":["https://mueblesjbrinas.com/es/product/cama-balinesa-muebles-de-exterior/"]}]},{"@type":"ImageObject","inLanguage":"es","@id":"https://mueblesjbrinas.com/es/product/cama-balinesa-muebles-de-exterior/#primaryimage","url":"https://mueblesjbrinas.com/wp-content/uploads/2020/06/0set-de-aluminio-berlin-.jpg","contentUrl":"https://mueblesjbrinas.com/wp-content/uploads/2020/06/0set-de-aluminio-berlin-.jpg","width":1400,"height":1356},{"@type":"BreadcrumbList","@id":"https://mueblesjbrinas.com/es/product/cama-balinesa-muebles-de-exterior/#breadcrumb","itemListElement":[{"@type":"ListItem","position":1,"name":"Portada","item":"https://mueblesjbrinas.com/es/"},{"@type":"ListItem","position":2,"name":"Tienda","item":"https://mueblesjbrinas.com/es/muebles-de-exterior/"},{"@type":"ListItem","position":3,"name":"CAMA BALINESA"}]},{"@type":"WebSite","@id":"https://mueblesjbrinas.com/es/#website","url":"https://mueblesjbrinas.com/es/","name":"Muebles Briñas","description":"Online Outdoor Furniture Shop in Costa Blanca. Torrevieja, Rojales, Guardamar, San Javier.","publisher":{"@id":"https://mueblesjbrinas.com/es/#organization"},"potentialAction":[{"@type":"SearchAction","target":{"@type":"EntryPoint","urlTemplate":"https://mueblesjbrinas.com/es/?s={search_term_string}"},"query-input":{"@type":"PropertyValueSpecification","valueRequired":true,"valueName":"search_term_string"}}],"inLanguage":"es"},{"@type":"Organization","@id":"https://mueblesjbrinas.com/es/#organization","name":"In&Out Furniture","alternateName":"Muebles J. Briñas","url":"https://mueblesjbrinas.com/es/","logo":{"@type":"ImageObject","inLanguage":"es","@id":"https://mueblesjbrinas.com/es/#/schema/logo/image/","url":"https://mueblesjbrinas.com/wp-content/uploads/2018/03/logo-web.png","contentUrl":"https://mueblesjbrinas.com/wp-content/uploads/2018/03/logo-web.png","width":300,"height":146,"caption":"In&Out Furniture"},"image":{"@id":"https://mueblesjbrinas.com/es/#/schema/logo/image/"},"sameAs":["https://www.facebook.com/mueblesjbrinas"]}]}</script>
<!-- / Yoast SEO Premium plugin. -->

▷ Cama Balinesa en Muebles de Jardín Aluminio | Muebles J Briñas

Cama Balinesa para el jardín, encuentra conjuntos de muebles de jardín en aluminio en Muebles J. Briñas. Mobiliario de exterior Alicante

Muebles Briñas

Muebles J. Briñas
